{"id":43,"date":"2018-12-20T21:46:49","date_gmt":"2018-12-21T04:46:49","guid":{"rendered":"https:\/\/spaces.facsci.ualberta.ca\/sanggroup\/?page_id=43"},"modified":"2024-11-09T00:42:16","modified_gmt":"2024-11-09T07:42:16","slug":"publications","status":"publish","type":"page","link":"https:\/\/spaces.facsci.ualberta.ca\/sanggroup\/publications\/","title":{"rendered":"Publications"},"content":{"rendered":"<h3>24. Navigating Solvent Chemistry and Microstructures: Towards Mechanically-enhanced Ceramic-rich Composite Electrolytes<\/h3>\n<h4>Lingzi Sang*, Mauricio Ponga, Michael Fleischauer, and Runqi Wu<\/h4>\n<h5><em style=\"font-family: arial, helvetica, sans-serif\">Phys. Chem. C. <\/em><strong>2024<\/strong>, 128, 41, 17240-17251<\/h5>\n<h3>23. A Cellulose-Encapsulated Composite Electrolyte Design: Towards Chemically and Mechanically Enhanced Solid-sodium Batteries<\/h3>\n<h4>Shu Dong, Geng Xie, Shihong Xu, Xuehai Tan, Madhusudan Chaudhary, Yue Zhang, Runqi Wu, Fuwei Wen, Cagri Ayranci, Vladimir K. Michaelis, Amanda Quirk, Scott M. Rosendahl, Jian Liu, Michael Fleischauer, and Lingzi Sang*<\/h4>\n<h5><em>ACS Nano<\/em>\u00a0<strong>2024<\/strong>, 18, 25, 16285-16296<\/h5>\n<h3>22. Dual-component Interlayer Enables Uniform Lithium Deposition and Dendrite Suppression for Solid-State Batteries<\/h3>\n<h4>Xiang You, Ning Chen, Geng Xie, Shihong Xu, Sayed Youssef Sayed, and Lingzi Sang*<\/h4>\n<h5><em>ACS Appl. Mater. Interfaces<\/em>\u00a0<strong>2024<\/strong>, 16, 27, 35761-35770<\/h5>\n<h3>21. A Facile Chemical Reduction Approach of Li-Sn Modified Li Anode for Dendrite Suppression<\/h3>\n<h4>Amardeep Amardeep, Donald J. Freschi, Lingzi Sang*, Jian Liu*<\/h4>\n<h5><em>Adv. Energy Sustainability Res.<\/em> <strong>2024<\/strong>, 2400035<\/h5>\n<h3>20. Mechanochemistry in Sodium Thioantimonate Solid Electrolytes: Effects on Structure, Morphology, and Electrochemical Performance<\/h3>\n<h4>Fuwei Wen, Geng Xie, Qichao Wu, Madhusudan Chaudhary, Xiang You, Ning Chen, Vladimir Michaelis, Arthur Mar, and Lingzi Sang*<\/h4>\n<h5><em>ACS Appl. Mater. Interfaces<\/em>\u00a0<strong>2023<\/strong>, 15, 33, 40070-40079<\/h5>\n<h3>19. Degradation at the Na3SbS4\/Anode Interface in an Operating All-Solid-State Sodium Battery<\/h3>\n<h4>Geng Xie, Minh Tang Duc Hoang, Shihong Xu, Arthur Mar, Alex Brown, Lingzi Sang*<\/h4>\n<h5><em>ACS Appl. Mater. Interfaces<\/em>\u00a0<strong>2022<\/strong>, 14, 43, 48705-48714<\/h5>\n<h3>18. Histidine ligated iron-sulfur peptides<\/h3>\n<h4>Luca Valer, Daniele Rossetto, Taylor Parkkila, Lorenzo Sebastianelli, Graziano Guella, Amber Hendricks, James Cowan, Lingzi Sang, Sheref S. Mansy*<\/h4>\n<h5><em>Chembiochem.<\/em> <strong>2022<\/strong>, Jul 19;23(14):e202200202<\/h5>\n<h3>17. Editorial Notes: In celebration of the retirement of Professors Jed Harrison, Charles Lucy, and Richard McCreery<\/h3>\n<h4>Lingzi Sang, and Ran Zhao<\/h4>\n<h5><em>Can. J. Chem.<\/em> <strong>2022<\/strong>, 100, 7<\/h5>\n<h3>16. Characterizations of the Dynamic Interfaces in AllSolid Lithium Batteries<\/h3>\n<h4>Lingzi Sang*, Nicholas Kissoon, Fuwei Wen<\/h4>\n<h5>J. Power Sources <strong>2021<\/strong>, 506, 229871<\/h5>\n<h3>15. In-situ strain measurement in solid-state Li-ion batteries<\/h3>\n<h4>Behrad Koohbor, Lingzi Sang, \u00d6mer \u00d6. \u00c7apraz, Andrew A. Gewirth, Nancy R. Sottos*<\/h4>\n<h5><em style=\"font-family: arial, helvetica, sans-serif\">Electrochem. Soc. <\/em><strong style=\"font-family: arial, helvetica, sans-serif\">2021<\/strong>, 168,\u00a0010516<\/h5>\n<h3>14. Rapid access to (cycloalkyl)tellurophene oligomer mixtures and the first poly(3-aryltellurophene)<\/h3>\n<h4>Bruno T. Luppi, Robert McDonald, Michael J. Ferguson, Lingzi Sang* and Eric Rivard*<\/h4>\n<h5><em>Chem. Commun.<\/em> <strong>2019<\/strong>, 55, 14218-14221<\/h5>\n<hr \/>\n<h4><em><strong>Prior to University of Alberta<\/strong><\/em><\/h4>\n<h3>13. Penetration and Reaction Depths of Vapor Deposited Ag, Mg, Al and Ca on Oligothiophene Thin Films<\/h3>\n<h4>Lingzi Sang and Jeanne E. Pemberton<\/h4>\n<h5><em>Chem. Mater.<\/em>\u00a0<strong>2019<\/strong>, 31, 17, 6908-6917<\/h5>\n<h3>12. Reversible Conversion Reactions and Small First Cycle Irreversible Capacity Loss in Metal Sulfide\u2010Based Electrodes Enabled by Solid Electrolytes<\/h3>\n<h4>Sanghyeon Kim, Jeawon Choi, Seong-Min Bak, Lingzi Sang, Qun Li, Arghya Patra, Paul V. Braun<\/h4>\n<h5><em>Adv. Funct. Mater.<\/em> <strong>2019<\/strong>, 29, 1901719<\/h5>\n<h3>11. Chemistry at the Interface of \u03b1-Sexithiophene and VaporDeposited Ag, Al, Mg, and Ca: A Molecular View<\/h3>\n<h4>Lingzi Sang and Jeanne E. Pemberton<\/h4>\n<h5><em style=\"font-family: arial, helvetica, sans-serif\">Phys. Chem. C.<\/em><strong style=\"font-family: arial, helvetica, sans-serif\">2019<\/strong>, 123, 31, 18877-18888<\/h5>\n<h3>10. High Energy Density CNT\/NaI Composite Cathodes for Sodium\u2010Ion Batteries<\/h3>\n<h4>Sanghyeon Kim, Xiangming Li, Lingzi Sang, Young Soo Yun, Ralph G. Nuzzo, Andrew A. Gewirth, Paul V. Braun<\/h4>\n<h5>Adv. Mater. Interfaces <strong>2018<\/strong>, 5, 1801342<\/h5>\n<h3>9. Understanding the Effect of Interlayers at the Thiophosphate Solid Electrolyte\/Lithium Interface for All-Solid-State Li Batteries<\/h3>\n<h4>Lingzi Sang, Kimberly L. Bassett, Fernando C. Castro, Matthias J. Young, Lin Chen, Richard T. Haasch, Jeffery W. Elam, Vinayak P. Dravid, Ralph Nuzzo, Andrew Gewirth<\/h4>\n<h5><em>Chem. Mater.<\/em>\u00a0<strong>2018<\/strong>, 30, 24, 8747-8756<\/h5>\n<h3>8. Evolution at the Solid Electrolyte\/Gold Electrode Interface during Lithium Deposition and Stripping<\/h3>\n<h4>Lingzi Sang, Richard T. Haasch, Andrew A. Gewirth and Ralph G. Nuzzo<\/h4>\n<h5><em>Chem. Mater.<\/em>\u00a0<strong>2017<\/strong>, 29, 7, 3029-3037<\/h5>\n<h3>7. Effect of time and deposition method on quality of phosphonic acid modifier self-assembled monolayers on indium zinc oxide<\/h3>\n<h4>Lingzi Sang, Kristina M. Knesting, Amuradha Bulusu, Ajaya K. Sigdel, Anthony J. Giordano, Seth R. Marder, Joseph J. Berry, Samuel Graham, David S. Ginger, Jeanne E. Pemberton<\/h4>\n<h5><em>Applied Surface Science<\/em> <strong>2016<\/strong>, 389, 190-198<\/h5>\n<h3>6. Understanding the Reaction Chemistry of 2,2\u2032:5\u2032,2\u2032\u2032-Terthiophene Films with Vapor Deposited Ag, Al and Ca using Raman spectroscopy<\/h3>\n<h4>Lingzi Sang, Dallas L. Matz and Jeanne E. Pemberton<\/h4>\n<h5><em style=\"font-family: arial, helvetica, sans-serif\">Phys. Chem. C. <\/em><strong style=\"font-family: arial, helvetica, sans-serif\">2015<\/strong>, 119, 43, 24290-24298<\/h5>\n<h3>5. PM-IRRAS Investigation of Molecular Orientation of Model Phosphonic Acid Self-Assembled Monolayers on Indium Zinc Oxide<\/h3>\n<h4>Lingzi Sang, Anoma Mudalige, Ajaya K. Sigdel, Anthony J. Giordano, Seth R. Marder, Joseph J. Berry, Jeanne E. Pemberton<\/h4>\n<h5><em>Langmuir<\/em> <strong>2015<\/strong>, 31, 20, 5603-5613<\/h5>\n<h3>4. Orientation of phenylphosphonic acid self-assembled monolayers on a transparent conductive oxide: a combined NEXAFS, PM-IRRAS, and DFT study<\/h3>\n<h4>Matthew Gliboff, Lingzi Sang, Kristina M. Knesting, Matthew C. Schalnat, Anoma Mudalige, Erin L. Ratcliff, Hong Li, Ajaya K. Sigdel, Anthony J. Giordano, Joseph J. Berry, Dennis Nordlund, Gerald T. Seidler, Jean-Luc Bre\u0301das, Seth R. Marder, Jeanne E. Pemberton, David S. Ginger<\/h4>\n<h5><em>Langmuir<\/em>\u00a0<strong>2013<\/strong>, 29, 7, 2166-2174<\/h5>\n<h3>3. Simultaneous fluorimetric determination of the biodegradation processes of dissolved multi-component PAHs<\/h3>\n<h4>Sang, L.Z., Wei, X.Y., Chen, J.N., Zhu, Y.X. and Zhang, Y.<\/h4>\n<h5><em>Talanta<\/em>\u00a0<strong>2009<\/strong>, <em>78<\/em>, 1339-1344<\/h5>\n<h3>2. The effects of LMWOAs on biodegradation of multi-component PAHs in aqueous solution using dual-wavelength fluorimetry<\/h3>\n<h4>Wei, X.Y., Sang, L.Z., Chen, J.N., Zhu, Y.X. and Zhang, Y.<\/h4>\n<h5><em>Environ. Pollut.<\/em> <strong>2009<\/strong>, 157, 3150-3157<\/h5>\n<h3>1. Effect of LMWOA on the biodegradation of phenanthrene by fluorimetry<\/h3>\n<h4>Wei, X.Y., Sang, L.Z., Zhu, Y.X. and Zhang, Y.<\/h4>\n<h5><em>Luminescence<\/em> <strong>2008<\/strong>, 23, 101<\/h5>\n","protected":false},"excerpt":{"rendered":"<p>24. Navigating Solvent Chemistry and Microstructures: Towards Mechanically-enhanced Ceramic-rich Composite Electrolytes Lingzi Sang*, Mauricio Ponga, Michael Fleischauer, and Runqi Wu Phys. Chem. C. 2024, 128, 41, 17240-17251 23. A Cellulose-Encapsulated Composite Electrolyte Design: Towards Chemically and Mechanically Enhanced Solid-sodium Batteries Shu Dong, Geng Xie, Shihong Xu, Xuehai Tan, Madhusudan Chaudhary, Yue Zhang, Runqi Wu, Fuwei<\/p>\n<p><a href=\"https:\/\/spaces.facsci.ualberta.ca\/sanggroup\/publications\/\" class=\"more-link themebutton\">Read More<\/a><\/p>\n","protected":false},"author":28,"featured_media":0,"parent":0,"menu_order":0,"comment_status":"closed","ping_status":"closed","template":"","meta":{"footnotes":""},"class_list":["post-43","page","type-page","status-publish","hentry"],"_links":{"self":[{"href":"https:\/\/spaces.facsci.ualberta.ca\/sanggroup\/wp-json\/wp\/v2\/pages\/43","targetHints":{"allow":["GET"]}}],"collection":[{"href":"https:\/\/spaces.facsci.ualberta.ca\/sanggroup\/wp-json\/wp\/v2\/pages"}],"about":[{"href":"https:\/\/spaces.facsci.ualberta.ca\/sanggroup\/wp-json\/wp\/v2\/types\/page"}],"author":[{"embeddable":true,"href":"https:\/\/spaces.facsci.ualberta.ca\/sanggroup\/wp-json\/wp\/v2\/users\/28"}],"replies":[{"embeddable":true,"href":"https:\/\/spaces.facsci.ualberta.ca\/sanggroup\/wp-json\/wp\/v2\/comments?post=43"}],"version-history":[{"count":40,"href":"https:\/\/spaces.facsci.ualberta.ca\/sanggroup\/wp-json\/wp\/v2\/pages\/43\/revisions"}],"predecessor-version":[{"id":602,"href":"https:\/\/spaces.facsci.ualberta.ca\/sanggroup\/wp-json\/wp\/v2\/pages\/43\/revisions\/602"}],"wp:attachment":[{"href":"https:\/\/spaces.facsci.ualberta.ca\/sanggroup\/wp-json\/wp\/v2\/media?parent=43"}],"curies":[{"name":"wp","href":"https:\/\/api.w.org\/{rel}","templated":true}]}}