{"id":252,"date":"2010-02-09T00:06:16","date_gmt":"2010-02-09T06:06:16","guid":{"rendered":"http:\/\/fs-s-wpmu-02.facsci.ualberta.ca\/ammi\/?page_id=252"},"modified":"2010-02-09T00:06:16","modified_gmt":"2010-02-09T06:06:16","slug":"y2010","status":"publish","type":"page","link":"https:\/\/spaces.facsci.ualberta.ca\/ahci\/publications\/y2010\/","title":{"rendered":"2010"},"content":{"rendered":"<p>Anderson, F., Annett, M., and Bischof, W. F. (2010).  Using VR and Wii Peripherals for Cost-Effective Rehabilitation.  <em>Annual Review of CyberTherapy and Telemedicine<\/em>, 8, 181-184. <a href=\"http:\/\/webdocs.cs.ualberta.ca\/%7Ewfb\/ammi\/publications\/abstract174.html\">Abstract<\/a> <a href=\"http:\/\/webdocs.cs.ualberta.ca\/%7Ewfb\/ammi\/publications\/C-2010-Anderson.pdf\">Download PDF<\/a> (185K)<\/p>\n<p>Anderson, F., Annett, M., Bischof, W. F., Boulanger, P. (2010). Virtual Equine Assisted Therapy, <em>IEEE Conference on Virtual Reality<\/em>, 255-256. <a href=\"http:\/\/webdocs.cs.ualberta.ca\/%7Ewfb\/ammi\/publications\/abstract173.html\">Abstract<\/a> <a href=\"http:\/\/webdocs.cs.ualberta.ca\/%7Ewfb\/ammi\/publications\/C-2010-Equine.pdf\">Download PDF<\/a> (600K)<\/p>\n<p>Annett, M., Anderson, F., and Bischof, W. F. (2010).  Hands, Tables, and Groups Make Rehabilitation Awesome! <em>Annual Review of CyberTherapy and Telemedicine<\/em>, 8, 3-6. <a href=\"http:\/\/webdocs.cs.ualberta.ca\/%7Ewfb\/ammi\/publications\/abstract172.html\">Abstract<\/a> <a href=\"http:\/\/webdocs.cs.ualberta.ca\/%7Ewfb\/ammi\/publications\/C-2010-Annett.pdf\">Download PDF<\/a> (417K)<\/p>\n<p>Annett, M., Bischof, W. F. (2010). Investigating the Application of Virtual Reality Systems to Psychology and Cognitive Neuroscience Research, <em>Presence<\/em>, (in press). <a href=\"http:\/\/webdocs.cs.ualberta.ca\/%7Ewfb\/ammi\/publications\/abstract171.html\">Abstract<\/a><\/p>\n<p>Bolanzadeh Fasaie, N., Boulanger, P., Flores-Mir, C. (2010). Registration of Cone-Beam CT and 3dMD Maxillodental Data Over Time, International Journal of Computer Assisted Radiology and Surgery, S229-S230. <a href=\"http:\/\/webdocs.cs.ualberta.ca\/%7Ewfb\/ammi\/publications\/abstract170.html\">Abstract<\/a> <a href=\"http:\/\/webdocs.cs.ualberta.ca\/%7Ewfb\/ammi\/publications\/C-2010-Niousha.pdf\">Download PDF<\/a> (787K)<\/p>\n<p>Cort\u00e9s, C., Padilla, A., Figueroa, P., Garcia, M., Boulanger, P. (2010) Construcci\u00f3n de un t\u00fanel de viento virtual sobre AccessGrid y ParaView. In 4th Congreso Colombiano de Computaci\u00f3n Ponencia, 1-5, Bogota, Colombia. <a href=\"http:\/\/webdocs.cs.ualberta.ca\/%7Ewfb\/ammi\/publications\/abstract169.html\">Abstract<\/a> <a href=\"http:\/\/webdocs.cs.ualberta.ca\/%7Ewfb\/ammi\/publications\/RENATA-2010.pdf\">Download PDF<\/a> (560K)<\/p>\n<p>Dalrymple, K. A., Bischof, W. F., Cameron, D., Barton, J. J. S., and Kingstone, A. (2010). Simulating simultanagnosia: spatially constricted vision mimics local capture and the global processing deficit. <em> Experimental Brain Research<\/em>, 202, 445-455. <a href=\"http:\/\/webdocs.cs.ualberta.ca\/%7Ewfb\/ammi\/publications\/abstract168.html\">Abstract<\/a> <a href=\"http:\/\/webdocs.cs.ualberta.ca\/%7Ewfb\/ammi\/publications\/request168.html\">Request PDF<\/a> (407K)<\/p>\n<p>Diaz, C., Eliuk, S., Boulanger, P.,Trefftz, H. (2010) Soft Tissues using a GPU Approach of the Mass-Spring Model.  In 3IA International Conference on Computer Graphics and Artificial Intelligence, 8 pages, Athens, Greece, Springer. <a href=\"http:\/\/webdocs.cs.ualberta.ca\/%7Ewfb\/ammi\/publications\/abstract167.html\">Abstract<\/a> <a href=\"http:\/\/webdocs.cs.ualberta.ca\/%7Ewfb\/ammi\/publications\/3iA2010.pdf\">Download PDF<\/a> (533K)<\/p>\n<p>Jaramillo, A., Prieto. F., Boulanger P. (2010) Virtual de modelos deformables usando funciones de base radial.&#8221; In En Entre Ciencia e Ingenier\u00eda, 21-32, Pereira, Colombia. Universidad Cat\u00f3lica Popular de Risaralda. <a href=\"http:\/\/webdocs.cs.ualberta.ca\/%7Ewfb\/ammi\/publications\/abstract166.html\">Abstract<\/a> <a href=\"http:\/\/webdocs.cs.ualberta.ca\/%7Ewfb\/ammi\/publications\/Inspection-2010.pdf\">Download PDF<\/a> (332K)<\/p>\n<p>Liu, J., Madsen, K.L., Boulanger, P., Dieleman, K.L., Meddings, J.,  Fedorak, R. (2010). Mind the gaps: Confocal endomicroscopy revealed increased density of small bowel epithelial gaps in inflammatory bowel disease, <em>Journal of Clinical Gastroenterology<\/em>, 45(3), 240-245. <a href=\"http:\/\/webdocs.cs.ualberta.ca\/%7Ewfb\/ammi\/publications\/abstract165.html\">Abstract<\/a> <a href=\"http:\/\/webdocs.cs.ualberta.ca\/%7Ewfb\/ammi\/publications\/JCG-2010.pdf\">Download PDF<\/a> (279K)<\/p>\n<p>M F Osorio, A Salazar, F Prieto, P Boulanger and P Figueroa (2010). &#8220;Three-dimensional digitization of highly reflective and transparent objects using multi-wavelength range sensing&#8221;. <em>Machine Vision and Applications<\/em>, December 2010: 12 Pages. <a href=\"http:\/\/webdocs.cs.ualberta.ca\/%7Ewfb\/ammi\/publications\/abstract164.html\">Abstract<\/a> <a href=\"http:\/\/webdocs.cs.ualberta.ca\/%7Ewfb\/ammi\/publications\/MVA-2010.pdf\">Download PDF<\/a> (1130K)<\/p>\n<p>Pham, M.T., Moreau, R., Boulanger, P. (2010) Three-Dimensional Gesture Comparison Using Curvature Analysis of Position and Orientation. In Conference of the IEEE Engineering in Medicine and Biology, 5 pages, Buenos Aires, Argentina, IEEE. <a href=\"http:\/\/webdocs.cs.ualberta.ca\/%7Ewfb\/ammi\/publications\/abstract163.html\">Abstract<\/a> <a href=\"http:\/\/webdocs.cs.ualberta.ca\/%7Ewfb\/ammi\/publications\/EMBC-2010.pdf\">Download PDF<\/a> (231K)<\/p>\n<p>Pham, M.T., Moreau, R., Jardin, A., Redarce, T., Boulanger, P., Dupuis, O. (2010) Design of Medical Simulators in Obstetrics. In Surgical Simulation and Training. Editor JL Huang. Nova Publisher ISBN 978-1-61668-437-2 (2010): Chapter 6, 35 pages. <a href=\"http:\/\/webdocs.cs.ualberta.ca\/%7Ewfb\/ammi\/publications\/abstract162.html\">Abstract<\/a> <a href=\"http:\/\/webdocs.cs.ualberta.ca\/%7Ewfb\/ammi\/publications\/Simulation-Chapter-2010.pdf\">Download PDF<\/a> (1030K)<\/p>\n<p>Radzikowska, M., Ruecker, S., Bischof, W.F., Annett, M., and Forbes, F. (2010). Geared Decisions: Experimenting with decision support visualizations. <em>Proceedings of the 7th International Conference on Design and Emotion<\/em>, Chicago, Oct 5-7, 2010.<\/p>\n<p>Snyder, J. J., Bischof W. F. (2010). Knowing Where We&#8217;re Heading &#8211; When Nothing Moves, <em>Brain Research<\/em>, 1323, 127-138. <a href=\"http:\/\/webdocs.cs.ualberta.ca\/%7Ewfb\/ammi\/publications\/abstract160.html\">Abstract<\/a> <a href=\"http:\/\/webdocs.cs.ualberta.ca\/%7Ewfb\/ammi\/publications\/request160.html\">Request PDF<\/a> (1231K)<\/p>\n<p>Taylor, R., Schofield, G.,  Shearer, J., Boulanger,P.,  Wallace, J., Olivier, P. (2010) humanaquarium: A Participatory Performance System.&#8221; In Proceedings of the 2010 Conference on New Interfaces for Musical Expression (NIME 2010), 440-443, Sidney, Australia, ACM. <a href=\"http:\/\/webdocs.cs.ualberta.ca\/%7Ewfb\/ammi\/publications\/abstract159.html\">Abstract<\/a> <a href=\"http:\/\/webdocs.cs.ualberta.ca\/%7Ewfb\/ammi\/publications\/NIME-2010.pdf\">Download PDF<\/a> (1355K)<\/p>\n<p>Taylor, R., Schofield, G., Shearer, J., Boulanger, P., Wallace, J., Olivier, P. (2010) Phantasmagoria: Composing Interactive Content for the humanaquarium.&#8221; In 10th International Symposium on Smart Graphics, 269-272, Banff, Canada, Springer. <a href=\"http:\/\/webdocs.cs.ualberta.ca\/%7Ewfb\/ammi\/publications\/abstract158.html\">Abstract<\/a> <a href=\"http:\/\/webdocs.cs.ualberta.ca\/%7Ewfb\/ammi\/publications\/SG-Robyn-2010.pdf\">Download PDF<\/a> (185K)<\/p>\n<p>Wu, Q., Boulanger, P., Kazakevich, M., Taylor, R. (2010) A Real-time Performance System for Virtual Theater. In ACM Multimedia 2010, 8 pages, Florence, Italy, ACM. <a href=\"http:\/\/webdocs.cs.ualberta.ca\/%7Ewfb\/ammi\/publications\/abstract157.html\">Abstract<\/a> <a href=\"http:\/\/webdocs.cs.ualberta.ca\/%7Ewfb\/ammi\/publications\/ACM-Multimedia-2010.pdf\">Download PDF<\/a> (6678K)<\/p>\n<p>Zhou, X., Boulanger, P. (2010) Improved Poisson Matting for a Real Time Tele-presence System Using GPU. In The Fifth International Multi-Conference on Computing in the Global Information Technology, 8 pages, Valencia, Spain. IEEE. <a href=\"http:\/\/webdocs.cs.ualberta.ca\/%7Ewfb\/ammi\/publications\/abstract156.html\">Abstract<\/a> <a href=\"http:\/\/webdocs.cs.ualberta.ca\/%7Ewfb\/ammi\/publications\/Poisson-Matting-2010.pdf\">Download PDF<\/a> (130K)<\/p>\n","protected":false},"excerpt":{"rendered":"<p>Anderson, F., Annett, M., and Bischof, W. F. (2010). Using VR and Wii Peripherals for Cost-Effective Rehabilitation. Annual Review of CyberTherapy and Telemedicine, 8, 181-184. Abstract Download PDF (185K) Anderson, F., Annett, M., Bischof, W. F., Boulanger, P. (2010). Virtual Equine Assisted Therapy, IEEE Conference on Virtual Reality, 255-256. Abstract Download PDF (600K) Annett, M.,<\/p>\n<p><a href=\"https:\/\/spaces.facsci.ualberta.ca\/ahci\/publications\/y2010\/\" class=\"more-link themebutton\">Read More<\/a><\/p>\n","protected":false},"author":4,"featured_media":0,"parent":53,"menu_order":5,"comment_status":"closed","ping_status":"open","template":"","meta":{"footnotes":""},"class_list":["post-252","page","type-page","status-publish","hentry"],"_links":{"self":[{"href":"https:\/\/spaces.facsci.ualberta.ca\/ahci\/wp-json\/wp\/v2\/pages\/252","targetHints":{"allow":["GET"]}}],"collection":[{"href":"https:\/\/spaces.facsci.ualberta.ca\/ahci\/wp-json\/wp\/v2\/pages"}],"about":[{"href":"https:\/\/spaces.facsci.ualberta.ca\/ahci\/wp-json\/wp\/v2\/types\/page"}],"author":[{"embeddable":true,"href":"https:\/\/spaces.facsci.ualberta.ca\/ahci\/wp-json\/wp\/v2\/users\/4"}],"replies":[{"embeddable":true,"href":"https:\/\/spaces.facsci.ualberta.ca\/ahci\/wp-json\/wp\/v2\/comments?post=252"}],"version-history":[{"count":0,"href":"https:\/\/spaces.facsci.ualberta.ca\/ahci\/wp-json\/wp\/v2\/pages\/252\/revisions"}],"up":[{"embeddable":true,"href":"https:\/\/spaces.facsci.ualberta.ca\/ahci\/wp-json\/wp\/v2\/pages\/53"}],"wp:attachment":[{"href":"https:\/\/spaces.facsci.ualberta.ca\/ahci\/wp-json\/wp\/v2\/media?parent=252"}],"curies":[{"name":"wp","href":"https:\/\/api.w.org\/{rel}","templated":true}]}}